e
Is 35816171 a prime number?
True
Is 15023551 a composite number?
False
Is 265075771 a composite number?
False
Is 31010963 a prime number?
False
Is 85739477 prime?
True
Is 6288017 prime?
False
Is 12425779 composite?
True
Is 420911 composite?
True
Is 1823401 a composite number?
False
Is 6986713 a prime number?
True
Is 293560271 a composite number?
False
Is 22715767 composite?
True
Is 1807801 composite?
True
Is 1235705 prime?
False
Is 521603 composite?
False
Is 490063 prime?
False
Is 367344169 a prime number?
True
Is 510407 composite?
True
Is 19584973 prime?
False
Is 436315939 a composite number?
True
Is 22853477 prime?
True
Is 12254023 a prime number?
True
Is 20887231 prime?
True
Is 2054369 prime?
True
Is 23743481 a composite number?
True
Is 759131 prime?
True
Is 98912381 a prime number?
True
Is 141666713 composite?
True
Is 202167521 prime?
False
Is 68941159 prime?
False
Is 815431031 a prime number?
True
Is 6864233 composite?
False
Is 14066059 a composite number?
True
Is 1470628301 a composite number?
False
Is 7815443 a composite number?
False
Is 1859539 prime?
False
Is 6870763 a composite number?
True
Is 4959277 composite?
False
Is 9858902 a prime number?
False
Is 86986973 a composite number?
True
Is 1433669 prime?
True
Is 1382159 prime?
True
Is 138339941 prime?
False
Is 37068379 a composite number?
True
Is 3868847 composite?
False
Is 42152831 composite?
True
Is 26521613 prime?
False
Is 85889 a composite number?
False
Is 5599469 a prime number?
False
Is 22862309 a prime number?
False
Is 17797771 a prime number?
False
Is 3864401 prime?
False
Is 51479419 composite?
True
Is 7697897 composite?
True
Is 773701 a prime number?
False
Is 6317209 a prime number?
False
Is 33628219 composite?
True
Is 10090441 prime?
True
Is 195961 prime?
False
Is 20378641 prime?
False
Is 225427 a prime number?
True
Is 7175959 a prime number?
False
Is 158801 a composite number?
True
Is 79773893 composite?
False
Is 5347447 composite?
True
Is 59278319 a prime number?
False
Is 3952733 a prime number?
True
Is 33770939 a composite number?
True
Is 1856765 prime?
False
Is 14438973 composite?
True
Is 8785783 composite?
False
Is 2993591 prime?
True
Is 8243497 composite?
False
Is 12964873 prime?
False
Is 648441439 composite?
False
Is 6173551 prime?
True
Is 17919871 a composite number?
True
Is 18353053 a prime number?
True
Is 233427037 a prime number?
True
Is 8338849 prime?
True
Is 6326699 a composite number?
False
Is 15013127 prime?
True
Is 177307079 prime?
False
Is 3048587 a composite number?
False
Is 4367477 prime?
True
Is 32384063 composite?
False
Is 726043345 prime?
False
Is 25424215 composite?
True
Is 2748077 prime?
True
Is 205070557 prime?
True
Is 60884699 composite?
False
Is 1562845714 a prime number?
False
Is 10100131 prime?
True
Is 379756043 prime?
False
Is 7219103 a composite number?
True
Is 6666749 prime?
True
Is 104905571 prime?
True
Is 362494497 a composite number?
True
Is 28875401 prime?
False
Is 25703477 a composite number?
False
Is 10870619 prime?
True
Is 174424037 a prime number?
True
Is 8570057 a composite number?
True
Is 5047733 prime?
True
Is 11912531 a prime number?
True
Is 20191807 composite?
True
Is 474803 prime?
False
Is 26913533 composite?
True
Is 3794717 a prime number?
False
Is 85023863 a composite number?
False
Is 4488871 composite?
True
Is 190895587 a prime number?
False
Is 616688717 a composite number?
False
Is 572839927 a composite number?
True
Is 8848274 composite?
True
Is 12314417 a prime number?
True
Is 381115487 a composite number?
False
Is 14763439 a composite number?
True
Is 220826839 composite?
True
Is 21377579 a composite number?
True
Is 219610477 prime?
True
Is 4723219 prime?
True
Is 475862171 composite?
False
Is 286371859 composite?
False
Is 569834737 a composite number?
False
Is 39156685 composite?
True
Is 56280437 a prime number?
False
Is 3547693 a prime number?
True
Is 989711 a prime number?
False
Is 4968179 a prime number?
True
Is 2244953 prime?
True
Is 7592327 a prime number?
False
Is 957500023 a prime number?
False
Is 355942613 a composite number?
True
Is 22103827 a composite number?
False
Is 53827897 prime?
True
Is 56788855 prime?
False
Is 18991419 composite?
True
Is 6268883 composite?
False
Is 2650337 a prime number?
True
Is 43458587 composite?
False
Is 586237 prime?
True
Is 1138273 prime?
True
Is 8743343 a prime number?
False
Is 8255902 a composite number?
True
Is 415533451 composite?
False
Is 204674 a composite number?
True
Is 340183 composite?
False
Is 18240179 a composite number?
False
Is 28467797 a composite number?
False
Is 1339391 a prime number?
True
Is 86857579 prime?
True
Is 22185307 a prime number?
False
Is 40617723 composite?
True
Is 40842161 composite?
False
Is 3682753 prime?
False
Is 3918767 composite?
True
Is 91937629 a composite number?
True
Is 1431245 prime?
False
Is 140383 prime?
False
Is 550141 prime?
False
Is 3885659 composite?
True
Is 15717529 prime?
True
Is 484829 a composite number?
False
Is 7960279 a composite number?
False
Is 9571609 composite?
True
Is 81370643 a prime number?
False
Is 1004302601 a composite number?
True
Is 77253089 composite?
False
Is 103112723 a composite number?
True
Is 923837 a prime number?
False
Is 205985789 a composite number?
True
Is 30422627 a prime number?
True
Is 9422911 prime?
True
Is 26937983 a prime number?
True
Is 255049149 a prime number?
False
Is 1849781 a prime number?
False
Is 7132747 prime?
False
Is 21740903 prime?
True
Is 11417221 a prime number?
False
Is 9431897 a composite number?
False
Is 6960763 prime?
True
Is 197119541 prime?
True
Is 378936263 composite?
False
Is 9695837 prime?
False
Is 2789047 composite?
True
Is 936823 prime?
False
Is 3581867 a prime number?
True
Is 5641807 prime?
False
Is 5671091 composite?
False
Is 988989415 prime?
False
Is 91541845 prime?
False
Is 302530883 a prime number?
True
Is 4318229 composite?
True
Is 15463949 a prime number?
True
Is 99237503 composite?
True
Is 14222191 composite?
False
Is 2237029 prime?
False
Is 2799337 a composite number?
True
Is 1638043 composite?
True
Is 244360199 prime?
False
Is 25099777 composite?
False
Is 958627 a prime number?
True
Is 748883497 a prime number?
True
Is 7041817 prime?
True
Is 15389701 composite?
False
Is 4903373 a prime number?
True
Is 10563094 a composite number?
True
Is 5256929 prime?
True
Is 2920769 a composite number?
True
Is 59127533 composite?
False
Is 24682687 prime?
False
Is 47105209 prime?
True
Is 113243131 composite?
False
Is 92653303 prime?
True
Is 87947 a prime number?
False
Is 12667463 prime?
True
Is 220973 composite?
False
Is 212818391 prime?
False
Is 17755651 prime?
False
Is 4345117 a prime number?
False
Is 13806539 a composite number?
False
Is 21550001 a prime number?
False
Is 227565577 composite?
True
Is 255403441 a composite number?
False
Is 943499 a composite number?
False
Is 38485373 a prime number?
True
Is 835013 prime?
True
Is 11320613 composite?
True
Is 1533923 a composite number?
True
Is 80354051 prime?
True
Is 37276159 a prime number?
True
Is 6331669 composite?
False
Is 1161683 a prime number?
True
Is 339976913 a composite number?
True
Is 6640715 a composite number?
True
Is 8133431 a prime number?
True
Is 462898823 a composite number?
True
Is 66754909 prime?
False
Is 37157161 a prime number?
True
Is 1444379 composite?
True
Is 237199 a prime number?
False
Is 298516973 prime?
True
Is 106467637 prime?
True
Is 21273481 a prime number?
False
Is 6093859 composite?
True
Is 219022217 a composite number?
True
Is 12509 a prime number?
False
Is 734131 a composite number?
False
Is 19221691 a composite number?
False
Is 189311 a prime number?
True
Is 2342477 a composite number?
True
Is 1215908263 a prime number?
True
Is 245572367 a composite number?
True
Is 32255387 composite?
True
Is 3428819 a composite number?
False
Is 4048505 prime?
False
Is 119189621 a composite number?
False
Is 25002457 a composite number?
True
Is 3722897 composite?
True
Is 4885871 a composite number?
True
Is 2518823 a composite number?
False
Is 116289661 a composite number?
False
Is 187599337 prime?
False
Is 10365911 a prime number?
True
Is 2147263 a composite number?
False
Is 183595817 composite?
True
Is 6316309 prime?
True
Is 54020617 composite?
True
Is 208878211 composite?
False
Is 213047 a composite number?
T